3
Let p(d) = 19*d - 1436. What is p(75)?
-11
Let i(q) = -q**3 - 10*q**2 - 9*q - 81. Determine i(-9).
-81
Let y(s) = 2467*s - 7402. What is y(3)?
-1
Let y(m) = -m**2 - 1225*m + 26159. Give y(21).
-7
Let q(w) = 286*w - 398. Determine q(2).
174
Let d(n) = -2*n**3 - 28*n**2 + 17*n + 158. Determine d(-14).
-80
Let j(o) = -5*o**2 + 273*o + 382. Calculate j(56).
-10
Let h(m) = 253*m - 5846. Calculate h(23).
-27
Let b(u) = -u**3 + 45*u**2 + 67*u - 966. What is b(46)?
0
Let v(o) = o**2 + 68*o + 1035. Determine v(-23).
0
Let s(l) = -l**3 - 56*l**2 - 63*l - 440. Determine s(-55).
0
Let x(s) = -17*s**2 - 35*s + 70. Give x(2).
-68
Let l(w) = -w**2 + 29*w + 156. Determine l(34).
-14
Let i(h) = 51*h + 38. Give i(-1).
-13
Let k(y) = -51*y + 756. What is k(15)?
-9
Let z(i) = -112*i**2 - 7*i + 6. What is z(1)?
-113
Let g(d) = -d**2 + 63*d - 965. What is g(36)?
7
Let c(b) = -2*b**2 - 27*b - 32. What is c(-16)?
-112
Let w(f) = -29*f - 532. Calculate w(-34).
454
Let v(p) = p**3 - p**2 - 6*p. Give v(3).
0
Let v(c) = -4*c + 51. Determine v(3).
39
Let j(s) = s**3 + 13*s**2 + 4*s + 24. What is j(-13)?
-28
Let j(g) = -g**2 - 76*g - 621. Give j(-70).
-201
Let t(b) = -365*b - 3328. What is t(-9)?
-43
Let a(h) = -28*h + 1298. Give a(45).
38
Let b(v) = -34*v**2 + 263*v + 67. Give b(8).
-5
Let b(s) = 2*s**3 + 278*s**2 + 558*s + 1341. Calculate b(-137).
-29
Let f(q) = 6*q**2 + 82*q - 23. Give f(-14).
5
Let n(m) = 4*m + 156. Calculate n(26).
260
Let c(l) = -62*l - 5. What is c(0)?
-5
Let r(w) = -w**3 - 23*w**2 - 37*w + 64. Determine r(-21).
-41
Let c(v) = 20*v - 746. Determine c(37).
-6
Let z(o) = 3*o**2 + 11*o + 57. Determine z(-3).
51
Let z(w) = 158*w**2 + 266*w + 266. Calculate z(-1).
158
Let h(i) = -i**3 + 6*i**2 - 8*i - 13. What is h(4)?
-13
Let g(j) = j**2 - 63*j + 385. Give g(60).
205
Let l(i) = -96*i - 962. Determine l(-8).
-194
Let c(p) = 8*p**3 - 11*p**2 - 11*p + 35. Calculate c(-4).
-609
Let a(g) = -g**3 + 9*g**2 + 7*g - 25. Calculate a(8).
95
Let m(w) = 10*w - 128. Give m(14).
12
Let g(n) = -n**2 + 20*n + 765. Give g(-20).
-35
Let d(z) = -100*z - 920. Calculate d(-9).
-20
Let r(c) = 5*c**2 - 40*c - 3. Calculate r(12).
237
Let n(z) = 129*z + 1660. Calculate n(-13).
-17
Let o(p) = -12*p**3 + 9*p**2 - 6*p + 3. Determine o(3).
-258
Let g(j) = j**2 + 102*j + 1363. Give g(-16).
-13
Let h(t) = 219*t + 1709. Give h(-9).
-262
Let a(f) = -7*f + 13. What is a(-2)?
27
Let j(r) = 159*r - 44692. Give j(281).
-13
Let v(o) = 542*o + 5946. What is v(-11)?
-16
Let g(b) = -17*b**2 - 21*b + 56. What is g(4)?
-300
Let p(n) = 6*n**3 + 5*n**2 - 9*n - 56. Calculate p(-4).
-324
Let n(t) = -3*t**2 - 50*t - 57. Calculate n(-15).
18
Let o(i) = -638*i - 6983. What is o(-11)?
35
Let u(w) = -w**3 - 19*w**2 + 33*w + 256. Determine u(-16).
-1040
Let x(p) = 2*p**2 - 47*p + 253. Give x(14).
-13
Let r(a) = 9499*a + 94989. Give r(-10).
-1
Let i(b) = 3*b**2 - 18*b - 34. Give i(8).
14
Let f(p) = 30*p**2 + 379*p + 234. What is f(-12)?
6
Let i(b) = 2*b**2 - 2*b - 25. Calculate i(10).
155
Let q(t) = 671*t - 799. Determine q(1).
-128
Let g(o) = -o**3 - 7*o**2 + 138*o + 294. Calculate g(-15).
24
Let i(a) = -a**3 - 16*a**2 - 5*a - 90. Determine i(-16).
-10
Let u(d) = 2*d**3 + 4*d**2 - 37*d - 91. Give u(-3).
2
Let v(b) = 2*b**3 - 31*b**2 + 53*b + 148. Determine v(13).
-8
Let a(n) = -43*n + 174. What is a(4)?
2
Let q(v) = v**3 + 15*v**2 + 3*v - 133. What is q(-13)?
166
Let m(v) = v**2 + 32*v - 69. Calculate m(2).
-1
Let a(k) = k**2 + 5*k - 18907. Give a(135).
-7
Let m(s) = -4*s**2 + 5347*s + 16078. Give m(-3).
1
Let w(q) = -2*q**2 + 31*q + 39. What is w(21)?
-192
Let n(q) = -855*q + 93191. What is n(109)?
-4
Let q(y) = y**3 + 2*y**2 - 43*y + 26. What is q(-8)?
-14
Let o(f) = 9*f**2 + 349*f - 79. What is o(-39)?
-1
Let a(v) = v**2 + 21*v - 85. Calculate a(0).
-85
Let v(p) = 40*p + 3914. Determine v(-98).
-6
Let d(x) = 2*x**2 - 335*x + 899. Give d(165).
74
Let o(k) = -k**3 - 8*k**2 + 33*k + 36. Calculate o(6).
-270
Let p(c) = c**2 - 55*c - 2450. Calculate p(-30).
100
Let y(w) = -12*w + 18. Give y(-2).
42
Let f(w) = -3*w**3 - 20*w**2 - 9*w - 26. What is f(-6)?
-44
Let f(a) = -a**3 + 21*a**2 - a + 10. What is f(21)?
-11
Let d(n) = -819*n + 813. Calculate d(1).
-6
Let x(n) = -38*n - 62. Give x(-5).
128
Let q(r) = r**3 + 2*r**2 - 2*r - 2. Calculate q(3).
37
Let p(r) = 10*r**2 + 26*r - 48. Give p(-4).
8
Let x(j) = -j**3 - 5*j**2 + 6*j - 16. Calculate x(2).
-32
Let n(z) = 3*z**2 + 101*z + 466. Give n(-30).
136
Let i(z) = -2*z**2 + 47*z - 20. Determine i(24).
-44
Let q(m) = 89*m - 858. Determine q(10).
32
Let i(w) = w**3 - 86*w**2 - 453*w - 187. Calculate i(91).
-5
Let m(s) = s**2 + 55*s - 1453. Calculate m(-77).
241
Let f(o) = -3*o**2 + o + 2. Give f(-3).
-28
Let r(y) = 20*y - 1170. Calculate r(58).
-10
Let i(n) = -16*n**2 + 237*n + 500. Calculate i(17).
-95
Let y(w) = -w**2 + 48*w + 2127. Determine y(76).
-1
Let k(j) = 11*j + 234. Calculate k(-35).
-151
Let k(u) = 288*u - 1261. Give k(4).
-109
Let v(d) = -9*d**2 - 5*d + 19. Give v(7).
-457
Let r(z) = -23*z - 1538. Determine r(-66).
-20
Let c(w) = w**3 + 70*w**2 + 264*w + 15. What is c(-66)?
15
Let l(p) = -5660*p + 22667. What is l(4)?
27
Let g(i) = -2*i**2 - 6*i + 2. Calculate g(-6).
-34
Let f(z) = -34*z**3 + z**2 - 7*z. What is f(-2)?
290
Let r(g) = -g**3 - 26*g**2 - 23*g - 28. What is r(-25)?
-78
Let f(m) = m**3 + 36*m**2 + 73*m + 32. Give f(-34).
-138
Let r(m) = -2*m**3 - 30*m**2 - 24*m + 50. What is r(-14)?
-6
Let x(w) = -w**3 + 15*w**2 + 14*w - 554. Determine x(12).
46
Let s(v) = 3*v**2 - 17*v - 28. What is s(9)?
62
Let n(y) = 366*y**2 + 33*y + 34. What is n(-1)?
367
Let h(o) = -o**2 + 97*o + 412. Give h(101).
8
Let p(m) = 60*m**3 - 4*m**2 + 11*m - 8. Give p(1).
59
Let z(l) = 49*l**3 - 5*l**2 + 10*l + 25. Determine z(-2).
-407
Let j(p) = 2*p + 48. What is j(-24)?
0
Let p(t) = -t**3 - 21*t**2 - 41*t + 35. What is p(-16)?
-589
Let b(f) = -f**3 + 12*f**2 - 19*f + 14. Give b(9).
86
Let i(j) = -j**3 + 16*j**2 + 14*j + 27. Determine i(17).
-24
Let t(o) = -o**3 - 6*o**2 + 90*o - 43. What is t(-13)?
-30
Let x(k) = -2*k**2 + 58*k - 243. Determine x(23).
33
Let w(s) = -s**3 + 21*s**2 - 110*s - 36. Determine w(10).
-36
Let o(s) = -2*s**3 + 10*s**2 + 74*s + 2. Determine o(9).
20
Let d(c) = -2*c**3 + 29*c**2 - 8*c - 10. What is d(14)?
74
Let q(v) = 19*v + 1105. Calculate q(-59).
-16
Let d(k) = -2*k**2 - 126*k + 912. Calculate d(7).
-68
Let c(u) = 2*u**2 - 44*u + 120. Give c(4).
-24
Let s(x) = 5*x**2 - 6*x - 10. Give s(6).
134
Let k(s) = 26*s + 568. Determine k(-22).
-4
Let t(r) = -14*r**2 + 5418*r - 5398. Give t(386).
6
Let o(f) = 6*f - 71. Give o(11).
-5
Let p(d) = -d**2 + 41*d + 10. Calculate p(43).
-76
Let q(d) = -21*d**2 - 731*d + 150. Calculate q(-35).
10
Let n(k) = -3*k**2 - 56*k + 113. Determine n(2).
-11
Let l(g) = g**2 - 58*g + 355. Give l(51).
-2
Let t(y) = -y**3 + 19*y**2 + 73*y - 501. Determine t(22).
-347
Let x(m) = -81*m + 818. Calculate x(10).
8
Let n(s) = 115*s - 148. What is n(1)?
-33
Let t(c) = -c**3 - 6*c**2 - 22*c - 143. What is t(-8)?
161
Let u(w) = -w**2 + 159*w - 4647. What is u(38)?
-49
Let d(f) = -237*f**2 + 16119*f - 169. Give d(68).
35
Let x(w) = w**3 + 15*w**2 + 21*w + 1. Calculate x(-2).
11
Let j(v) = -v**3 + 20*v**2 - 31*v - 87. Determine j(18).
3
Let z(b) = -b**3 + 15*b**2 - 20*b + 97. Determine z(14).
13
Let f(d) = 39*d**2 + 66*d + 302. What is f(-5)?
947
Let q(v) = -3*v**2 - 17*v - 87. Give q(-8).
-143
Let y(z) = -z**3 - 153*z**2 - 260*z - 16422. Determine y(-152).
-6
Let h(y) = y**2 - 11*y - 62. What is h(-3)?
-20
Let y(q) = -4*q**3 + 103*q**2 + 27*q - 22. Calculate y(26).
4
Let z(q) = -314*q + 6482. Calculate z(20).
202
Let w(z) = 149*z + 457. Calculate w(-3).
10
Let s(v) = -v**3 + 48*v**2 - v + 85. Determine s(48).
37
Let h(t) = -2*t**3 + 34*t**2 - 49*t + 260. Determine h(16).
-12
Let g(b) = -b**2 - 114*b + 2533. What is g(19)?
6
Let p(z) = -2*z**2 - 6*z + 36. Calculate p(5).
-44
Let v(z) = 2*z**2 + 13*z - 76. Give v(6).
74
Let x(m) = -13*m**3 + 3*m**2 + 3*m. What is x(-1)?
13
Let i(q) = -6*q**2 - 51*q - 15. What is i(-8)?
9
Let t(w) = 2*w**3 + 33*w**2 + 24*w + 54. Calculate t(-16).
-74
Let l(r) = 144*r - 164. Calculate l(1).
-20
Let k(b) = -1022*b + 88913. Give k(87).
-1
Let z(o) = 44*o + 855. Determine z(-20).
-25
Let r(k) = -k**2 +